 13.
1b786a
2031344 (base 6) to base 3
11221211001
-1101001000011000111000 (base 2) to base 7
-41154443
-38b591 (base 15) to base 8
-12303347
Convert 10320132 (base 4) to base 6.
232330
106172 (base 8) to base 10
35962
What is 23b4685 (base 12) in base 11?
3a1aa76
Convert b0d03d (base 15) to base 7.
131242135
23894 (base 16) to base 2
100011100010010100
Convert b67d (base 16) to base 12.
23051
What is 22022231 (base 6) in base 15?
ce6d4
-45a9a4 (base 11) to base 12
-2b3696
-dcd096 (base 14) to base 5
-3404113013
Convert ba3a (base 12) to base 15.
6114
What is -110100000101100101011 (base 2) in base 12?
-6a388b
96405a (base 13) to base 11
1a96037
Convert 144144202 (base 5) to base 11.
487959
Convert -9d8a1 (base 15) to base 13.
-147322
42d2b (base 14) to base 6
3244443
Convert -20bcb2 (base 13) to base 6.
-24251502
What is -3440140 (base 7) in base 8?
-1507440
-128a73 (base 14) to base 4
-2123323031
What is 101000200222020 (base 3) in base 13?
1147308
8be341 (base 16) to base 2
100010111110001101000001
1111111110100100000101 (base 2) to base 12
149ba31
-22220002211002 (base 3) to base 11
-2738770
-a3704 (base 11) to base 2
-100100111011010110
What is -b57 (base 14) in base 12?
-1361
Convert -831d36 (base 14) to base 9.
-8281414
What is -42130034 (base 5) in base 13?
-c2995
What is -719db (base 16) in base 3?
-212122100222
Convert 12237654 (base 9) to base 4.
112312032112
What is 3a13c (base 14) in base 6?
3021430
Convert -748ab (base 13) to base 14.
-5686c
-4a1bb (base 15) to base 11
-151888
-112417 (base 11) to base 6
-3500012
Convert 13796 (base 14) to base 2.
1011110000011000
Convert -125334033 (base 6) to base 4.
-21202210011
Convert 152141553 (base 6) to base 3.
12222212100220
Convert -10000010101001001 (base 2) to base 14.
-1a53b
Convert -2542512 (base 6) to base 15.
-2ad4b
What is -3130201303 (base 4) in base 16?
-dc873
What is 11000100111100011010 (base 2) in base 8?
3047432
What is 95a8b3 (base 14) in base 6?
300253341
What is 7196c (base 13) in base 12?
99a9b
What is 53242112 (base 6) in base 14?
2c8b80
Convert 13213101220 (base 4) to base 15.
29658a
-1202430332 (base 5) to base 14
-525220
Convert 114971 (base 10) to base 8.
340433
-3222224 (base 7) to base 8
-1375745
What is -144432045 (base 6) in base 16?
-2e1a7d
a01a51 (base 13) to base 15
4d6473
What is -154656664 (base 7) in base 14?
-1566ddb
221120111 (base 3) to base 8
44323
Convert -10316542 (base 7) to base 3.
-1122122100101
-11101101011000010 (base 2) to base 9
-204642
What is 185026 (base 10) in base 5?
21410101
Convert 33540103 (base 7) to base 4.
23020032103
-100010020221 (base 3) to base 11
-112971
What is 204313452 (base 6) in base 9?
6642815
Convert 319c5c7 (base 13) to base 6.
1300230421
Convert 545530 (base 6) to base 3.
2022012100
Convert -7878be (base 16) to base 9.
-15763187
What is -1023415 (base 7) in base 4?
-132030220
Convert 10211b (base 12) to base 7.
2101010
What is 4671 (base 13) in base 2?
10011010100110
What is 49d8a2 (base 14) in base 3?
11202202120111
13220155 (base 9) to base 3
110020200011212
What is 110100010000 (base 3) in base 8?
732226
Convert -140303 (base 15) to base 4.
-3222333321
What is -1402553 (base 6) in base 12?
-39459
What is 79a0c (base 13) in base 16?
360da
What is 1232251445 (base 6) in base 10?
14392469
What is -41ba9 (base 16) in base 11?
-174300
Convert 22122000101 (base 3) to base 15.
354e7
What is -1201120020 (base 3) in base 8?
-102231
What is 36793b (base 12) in base 5?
211244401
What is 991476 (base 10) in base 14?
1bb47a
-31d27a (base 16) to base 3
-20010212221100
Convert 674564 (base 8) to base 4.
313211310
-1787037 (base 9) to base 13
-291355
Convert b9a7a (base 12) to base 13.
877a2
265125 (base 7) to base 3
2112022120
Convert 148a5 (base 16) to base 11.
58235
Convert -1000120210220 (base 3) to base 12.
-222273
-235829 (base 14) to base 5
-302044341
100101011011111001 (base 2) to base 12
748a1
-20332013132 (base 4) to base 9
-4373678
Convert -29b8 (base 13) to base 14.
-22d4
Convert 38c8ac (base 13) to base 7.
14434553
Convert 8b3b62 (base 16) to base 14.
12d748a
-714142 (base 8) to base 9
-388177
What is 430224101 (base 5) in base 7?
21225050
86499 (base 13) to base 15
4bc9c
What is -1287918 (base 10) in base 5?
-312203133
-11433530 (base 8) to base 6
-125403024
Convert -20a99a (base 11) to base 5.
-41232420
Convert 845824 (base 10) to base 14.
180360
Convert -10430205 (base 6) to base 14.
-82b25
-602d (base 14) to base 2
-100000001111001
36678 (base 10) to base 5
2133203
Convert 3006301 (base 8) to base 11.
49a347
What is -1101001110111100001 (base 2) in base 13?
-1224b5
What is 1137652 (base 10) in base 4?
10111233310
Convert -144485 (base 9) to base 8.
-255042
What is -331025 (base 6) in base 16?
-6b39
Convert -11022000002111 (base 3) to base 11.
-131a523
Convert -2c4b9 (base 15) to base 11.
-98340
What is 13343211 (base 5) in base 4?
201201122
Convert -64644306 (base 8) to base 5.
-12021043401
Convert -78507 (base 9) to base 3.
-2122120021
Convert -32301525 (base 6) to base 9.
-1717508
-1104044134 (base 5) to base 2
-1001001100001101001110
345207 (base 9) to base 12
9bab1
-3087971 (base 11) to base 15
-7277ea
461561 (base 8) to base 16
26371
Convert -2821187 (base 9) to base 2.
-101111010001111100101
What is 7157004 (base 8) in base 3?
10120010010022
10110101011110010100110 (base 2) to base 14
b0b166
-2177850 (base 9) to base 5
-300024104
-380aa (base 15) to base 3
-100002120221
What is 180921 (base 11) in base 10?
279291
What is c630d (base 15) in base 8?
2313326
-6605e (base 16) to base 8
-1460136
-184242 (base 11) to base 16
-4548f
What is 112001323 (base 4) in base 7?
524035
What is 44221431 (base 5) in base 15?
78611
Convert 101100110011110011111110 (base 2) to base 9.
24083221
Convert 76848 (base 9) to base 16.
c731
628136 (base 13) to base 3
11022222200002
-11021521 (base 6) to base 8
-1203571
Convert 246415 (base 12) to base 3.
1010001110222
-120c0 (base 14) to base 4
-22300220
What is 135403 (base 8) in base 4?
23230003
Convert -1b4de (base 15) to base 13.
-315a4
Convert -39ba2 (base 15) to base 14.
-4b537
What is 9213b (base 12) in base 2?
101110011100111111
Convert 112301332312 (base 4) to base 10.
5971894
187525 (base 11) to base 7
2310011
Convert 302030231 (base 4) to base 10.
205613
Convert -48025 (base 13) to base 15.
-29101
Convert -156077 (base 8) to base 15.
-11a8d
Convert 31462 (base 7) to base 16.
1e6a
130ca73 (base 13) to base 4
112301033010
Convert 2640411 (base 8) to base 3.
1101110201111
-7ab478 (base 12) to base 6
-110111032
What is 2348a (base 12) in base 10?
47338
What is -121323103333 (base 4) in base 5?
-3214442133
What is 3122200100 (base 4) in base 12?
371b28
What is 33289 (base 16) in base 9?
348387
What is -6aab2 (base 13) in base 3?
-100220201120
What is 3475484 (base 9) in base 16?
1cb1ab
Convert 3066070 (base 8) to base 16.
c6c38
What is -1c7901 (base 13) in base 5?
-141342201
163236 (base 9) to base 15
1ecec
What is -30131044 (base 5) in base 3?
-110011120021
What is -5c67d2 (base 14) in base 13?
-86c046
3150617 (base 9) to base 11
a52255
262370 (base 8) to base 3
11122100121
65849 (base 10) to base 7
362660
275e57 (base 15) to base 16
1ce370
Convert -70468 (base 10) to base 15.
-15d2d
313213120 (base 4) to base 6
4514344
Convert -342860 (base 13) to base 8.
-4552033
-73440 (base 8) to base 12
-15794
7846a1 (base 14) to base 13
b000ca
Convert -3616 (base 11) to base 12.
-28a8
-250403463 (base 7) to base 11
-8964585
1332233332 (base 4) to base 12
21053a
What is -115375 (base 10) in base 9?
-185234
-350e3 (base 16) to base 8
-650343
What is -58aa9 (base 13) in base 11?
-100964
Convert 173768 (base 14) to base 7.
6640161
Convert 8a112 (base 14) to base 5.
41204410
1031103202 (base 5) to base 11
1277a00
What is 3bb618 (base 13) in base 10?
1453252
100010011011101 (base 2) to base 10
17629
-406410 (base 9) to base 4
-322310013
-11043770 (base 8) to base 11
-1384464
-3dc53 (base 14) to base 9
-253313
Convert 21121011101121 (base 3) to base 11.
2308a77
544703 (base 14) to base 9
5331452
Convert 1100100100011011011 (base 2) to base 7.
3333531
Convert 196c300 (base 13) to base 16.
7faa5b
What is -11a8d (base 14) in base 2?
-1010100011101101
Convert -59da (base 16) to base 2.
-10110011